 t?
17
Let m = 235 - 214. What is the highest common factor of 693 and m?
21
Suppose -3*b - 5*q = -52 - 45, 2*b - 53 = -q. What is the highest common divisor of 32 and b?
8
Let q be 4*1 + (-13)/(91/(-56)). Suppose -18 = -5*d - 3. Suppose -195 = -5*j - d*p, -j + 82 = j + 2*p. Calculate the highest common divisor of q and j.
12
Let c = 1 + 9. Suppose c = -10*z + 70. Calculate the highest common factor of 2 and z.
2
Let n be (-3525)/30*1/(2/(-4)). Let o = n - 151. What is the highest common factor of 28 and o?
28
Suppose -28 = -7*s - 7. Suppose -s*t = -2*o - 171, -5*o + 0*o = -t + 57. Calculate the highest common divisor of t and 19.
19
Let u = -77 + 81. Let r be (-27)/(-108) + 55/u. What is the highest common factor of r and 2?
2
Suppose -w + 48 = 2*m, 59 = 3*m + 5*w + 1. Let p(l) = 89*l - 82*l - 25 + 1. Let q be p(9). Calculate the highest common divisor of m and q.
13
Let q be (-2)/(-9) - (-2)/((-90)/(-215)). Suppose 3*b + q*v = 58, 3*v + 37 = b + 13. Calculate the greatest common factor of 6 and b.
3
Let a be 1486/26 - (1450/130 - 11). Calculate the highest common divisor of a and 950.
19
Let d = -240 + 456. Let q = 9 + d. Suppose -2*u - 3*u = -5*l - q, 5*l - 95 = -3*u. Calculate the highest common divisor of u and 10.
10
Let y be 1 - -3 - (-5 - -3). Suppose -2 = -y*p + 58. Suppose 4*l + 9 = 5*n, -2*n - 17 = -3*l - 3*n. Calculate the highest common factor of p and l.
2
Let w = -125 + 324. Suppose w = 5*o - 1046. Suppose -4*v = -o - 759. What is the highest common divisor of v and 36?
36
Let f be (-1 + (1 - 6))*(-1)/1. Suppose -5*a = -3*c - 215, 2*a - f*c + 3*c - 86 = 0. What is the greatest common divisor of a and 43?
43
Let y = 2049 - 2039. Suppose 4*x - 5*t = x + 165, 2*x + 4*t - 88 = 0. Suppose 0 = 2*p + 3*p - x. What is the greatest common factor of p and y?
10
Let h(q) = 3*q**2 + q - 4. Let a = -23 + 26. Suppose a*g - 9 + 3 = 0. Let x be h(g). Calculate the highest common divisor of x and 15.
5
Let j = -755 + 758. Let z(b) = 3*b**2 + 7*b + 4. Let k be z(-4). Calculate the highest common factor of j and k.
3
Let g(y) = -y - 22. Let t be g(-34). What is the highest common divisor of t and 444?
12
Suppose 0 = 5*s - s - 48. Suppose 0 = 18*x + 21*x - 468. What is the highest common factor of x and s?
12
Let a be 40/(-18 - -26) + -1 + 5. Let v(b) = b**3 - 3*b**2 + 5*b - 3. Let z be v(3). What is the highest common divisor of z and a?
3
Let u(m) = -m**3 + 5*m**2 - 2*m + 12. Let b be u(5). Let o(c) = -4 + 3*c**2 + c + 4. Let x be o(2). What is the greatest common factor of b and x?
2
Let z(u) = -30*u + 5. Let w be z(3). Let q = w - -373. Calculate the greatest common divisor of 32 and q.
32
Let r be (15/50)/((-1)/(-10)). Let k be ((-40)/(-3))/(-2)*-6. Let w = k - 25. What is the highest common factor of w and r?
3
Let z(u) = -u**2 + 18 - 8 + 6 - 9*u. Let l be z(-9). Calculate the greatest common divisor of l and 128.
16
Let r be (216/15)/(-4)*(-5 + (-10)/(-3)). Let v = -28 - -46. What is the greatest common divisor of v and r?
6
Let h be (98/(-56))/((-1)/(-12)). Let t(f) = f**2 + 19*f - 18. Let z be t(h). What is the greatest common divisor of 12 and z?
12
Let k(t) = 24*t**3 + t**2 - 3*t - 3. Let y be k(-1). Let d = 0 - y. Let m be 2/9 + 3308/18. What is the highest common factor of d and m?
23
Let n = -8 - -13. Suppose -297 = -n*v - 6*v. What is the highest common factor of v and 6?
3
Suppose 0 = -2*f + 5 + 3. Suppose q = -2*v + f, 3*v = 3 - 0. Suppose q*i - 102 = -0*i. What is the highest common factor of 34 and i?
17
Let g be (-9)/63 + 129/21. What is the greatest common factor of 2 and g?
2
Let b(a) = -7 - a**3 - 5*a**3 + 10*a + a + a**2 + 5*a**3. Let t be b(-5). What is the greatest common divisor of t and 8?
8
Suppose 0 = -24*p + 25*p - c - 11, p - 7 = 2*c. What is the greatest common divisor of 10 and p?
5
Suppose -4*v - 78 = 34. Let q = -27 - v. Suppose p = q + 5. Calculate the highest common divisor of 42 and p.
6
Let x be 101 - (-1)/(1/(-2)). Let q = -1559 + 1568. Calculate the greatest common factor of q and x.
9
Suppose 3*t + 35 = 6*t + 4*s, -4*t = -3*s - 5. Suppose -t*v + v = -476. What is the greatest common factor of v and 17?
17
Let j(x) = -x + 2 + 0*x - 22 + 8*x. Let s be j(6). What is the greatest common divisor of 66 and s?
22
Let f = 16 + -25. Let u(l) = 4*l - 3. Let p be u(f). Let t be (-774)/p - (-6)/39. Calculate the greatest common divisor of 40 and t.
20
Let t = 32 - 0. Let y = -72 - -40. Let o be y/(-6)*9/6. Calculate the greatest common factor of o and t.
8
Suppose -3*b + 3*i + 2 + 1 = 0, 10 = 4*b - i. Suppose b*m + 6 + 30 = 0. Let p be 8*(-2)/(m/9). What is the greatest common divisor of p and 30?
6
Let f = -22 - -24. Suppose -f*q + 3 + 25 = 0. Calculate the highest common factor of q and 56.
14
Let v = 6 + 3. Let y be ((-2)/3)/((88/33)/(-4)). What is the highest common divisor of v and y?
1
Let l(v) = 6*v**2 + v - 3. Let r be l(3). Let d be (-23 - -26) + 1*r/2. Calculate the highest common factor of d and 30.
30
Let f = 390 + 169. Calculate the greatest common factor of f and 13.
13
Let a(m) = 15*m - 2. Let x(t) = -8*t + 1. Let j(v) = 6*a(v) + 10*x(v). Let z be j(4). Suppose 8*w - z = 7*w. Calculate the greatest common factor of 266 and w.
38
Suppose 19 = 3*p - 5*k, -4*k - 15 = -k. Let d be 2/6*(-6)/p. Suppose 2*m = 4*u - 16, -2*u + 3*m - 6 = -18. What is the greatest common divisor of d and u?
1
Suppose 2*a - 95 = -5*o, -3*o - 10 = 5. What is the greatest common divisor of a and 96?
12
Let d be (0 - 12)*(-2)/((-28)/(-231)). Calculate the highest common divisor of 27 and d.
9
Let l = 37 + 13. Let z = l + -47. Calculate the greatest common factor of 6 and z.
3
Suppose -4*o - 3*c = -13, o + 11 = c + 3*c. Suppose o = 5*h - 24. Suppose 5*i - 25 = -h. Calculate the highest common factor of 20 and i.
4
Suppose -v + 2*l = -1203, -v - 5*l = -8*l - 1205. What is the greatest common factor of 11 and v?
11
Let v = 266 - 239. What is the highest common factor of 27 and v?
27
Suppose -4*s + 29 = -83. Suppose -6*y + s = -4*y. Calculate the highest common factor of 63 and y.
7
Let z(q) = q**3 + 19*q**2 + 63*q - 2. Let r be z(-14). Calculate the highest common divisor of r and 24.
24
Let i be (-7)/(2*3/(-6)). Suppose -4*k = -4*x - 4, 0 = -2*k + 3*k + x - i. Suppose k = -p + 2*p. What is the greatest common divisor of 6 and p?
2
Suppose 173*n + 528 = 184*n. What is the highest common factor of 1176 and n?
24
Suppose 15*z = 1362 - 312. What is the greatest common divisor of z and 90?
10
Let i(r) = r**3 - 24*r**2 + 51*r + 50. Let g be i(22). Calculate the highest common factor of g and 136.
68
Suppose 2*y - 6 = 2*i, -5*y = i + i - 29. Let z(j) = j + 2. Let w be z(2). Let b be ((-2)/4)/((-2)/w). Calculate the greatest common divisor of i and b.
1
Let h = -23 + 36. Suppose 5*t + 312 = h*t. Calculate the highest common factor of 26 and t.
13
Let s(d) = 3*d + 18. Let a be s(-4). What is the greatest common factor of a and 15?
3
Suppose -2*w - 2*w - 2*b = -26, -w + 11 = 5*b. Suppose w*y = -3*y + 225. What is the highest common divisor of 25 and y?
25
Suppose -6 = -4*g + 10. Let r = 533 + -523. What is the highest common factor of r and g?
2
Let l be 1 + 20/(-5) - -11. Let y = -6 + l. What is the greatest common divisor of y and 16?
2
Let d = 652 + -532. Suppose 9 = b + 4*s, -5*b + 0*s + 28 = 3*s. Suppose b*y = 5*f + 260, 0 = y - 0*f + f - 44. Calculate the highest common factor of d and y.
24
Suppose -10*d + 889 = 3*k - 6*d, 2*d = -4. Calculate the highest common divisor of k and 92.
23
Suppose -2435*p - 4788 = -2439*p. What is the highest common factor of 9 and p?
9
Suppose -4*q + 56 = -0*a + a, -2*a = -q + 14. Let x = 84 - -56. Let k be (2*x)/4*1. What is the highest common divisor of q and k?
14
Let m(f) = -2*f + 3. Let i be m(-4). Suppose i - 63 = -4*r. What is the greatest common factor of r and 104?
13
Let x = 10 - 8. Suppose -d - 32 = -4*z + x*d, 4*d = 0. Let a = z - -5. Calculate the greatest common factor of a and 52.
13
Let c be (-187 + 70)*5*-1. What is the greatest common factor of 39 and c?
39
Let g = -1547 + 2042. What is the greatest common divisor of 45 and g?
45
Suppose -4*z + 2*f + 31 = -3*f, -2*f = 2*z - 38. Suppose -t - z + 0 = 0. Let w = t + 21. Calculate the highest common factor of w and 49.
7
Suppose 68 = 5*j - 